base 14) to base 16
3
Convert 3 (base 16) to base 5.
3
What is -6 (base 8) in base 4?
-12
Convert -7c (base 15) to base 11.
-a7
5 (base 14) to base 12
5
Convert 4 (base 9) to base 10.
4
What is -b4 (base 12) in base 13?
-a6
-2 (base 8) to base 2
-10
Convert -11 (base 10) to base 11.
-10
-145 (base 10) to base 8
-221
1122 (base 3) to base 10
44
-28 (base 12) to base 5
-112
1 (base 12) to base 5
1
Convert 8e (base 16) to base 15.
97
Convert 3333 (base 4) to base 10.
255
Convert 2 (base 8) to base 6.
2
Convert -2 (base 6) to base 2.
-10
Convert -12002 (base 4) to base 12.
-282
What is -11 (base 9) in base 12?
-a
Convert 13 (base 4) to base 10.
7
What is -131 (base 5) in base 11?
-38
-1130 (base 4) to base 8
-134
What is -46 (base 8) in base 16?
-26
What is -7 (base 9) in base 11?
-7
2 (base 8) to base 5
2
Convert -17 (base 10) to base 8.
-21
What is -21 (base 13) in base 8?
-33
-70 (base 8) to base 15
-3b
b (base 15) to base 14
b
1 (base 7) to base 6
1
What is -1ac (base 15) in base 8?
-603
Convert 1b (base 14) to base 10.
25
What is 33 (base 14) in base 11?
41
What is 0 (base 2) in base 16?
0
Convert -11 (base 5) to base 4.
-12
Convert 65 (base 12) to base 16.
4d
6 (base 8) to base 6
10
51 (base 11) to base 9
62
What is -82 (base 11) in base 7?
-156
What is 2000 (base 3) in base 12?
46
Convert -1 (base 2) to base 8.
-1
What is 2 (base 5) in base 6?
2
0 (base 2) to base 11
0
Convert -2d (base 16) to base 10.
-45
What is -3 (base 7) in base 4?
-3
-2 (base 7) to base 4
-2
What is -3 (base 16) in base 14?
-3
Convert 2 (base 5) to base 6.
2
Convert 5 (base 13) to base 5.
10
Convert 5 (base 9) to base 10.
5
What is 110 (base 2) in base 16?
6
-100 (base 3) to base 8
-11
Convert 20 (base 4) to base 3.
22
Convert 4 (base 11) to base 9.
4
Convert -2 (base 16) to base 14.
-2
-13 (base 8) to base 3
-102
-1313 (base 4) to base 12
-9b
-5 (base 9) to base 11
-5
Convert -7 (base 11) to base 7.
-10
Convert -8 (base 12) to base 15.
-8
What is -41 (base 15) in base 10?
-61
Convert -22 (base 3) to base 14.
-8
What is -31 (base 8) in base 3?
-221
Convert -9 (base 16) to base 10.
-9
Convert -220 (base 5) to base 11.
-55
What is 12 (base 13) in base 11?
14
-2 (base 3) to base 11
-2
What is 3 (base 16) in base 15?
3
1011 (base 4) to base 7
126
Convert -4 (base 5) to base 6.
-4
Convert 10 (base 16) to base 2.
10000
What is 131 (base 8) in base 4?
1121
5 (base 13) to base 2
101
What is -4 (base 15) in base 6?
-4
What is -35 (base 10) in base 5?
-120
What is 18 (base 12) in base 15?
15
Convert 230 (base 5) to base 14.
49
What is 0 (base 16) in base 10?
0
Convert 3 (base 7) to base 16.
3
What is 3 (base 14) in base 13?
3
-4 (base 14) to base 4
-10
31 (base 5) to base 7
22
-111 (base 3) to base 12
-11
What is 0 (base 12) in base 4?
0
What is -11111 (base 3) in base 14?
-89
What is -25 (base 7) in base 8?
-23
Convert 323 (base 9) to base 16.
108
-321 (base 8) to base 6
-545
Convert 26 (base 7) to base 13.
17
-101000 (base 2) to base 7
-55
2 (base 16) to base 10
2
1 (base 10) to base 14
1
What is 5 (base 12) in base 15?
5
-6 (base 10) to base 9
-6
20 (base 9) to base 16
12
What is -101 (base 2) in base 9?
-5
What is -75 (base 9) in base 14?
-4c
What is -5 (base 10) in base 15?
-5
What is 244 (base 6) in base 8?
144
Convert 10010 (base 3) to base 9.
103
Convert 50 (base 8) to base 3.
1111
Convert 130 (base 10) to base 8.
202
0 (base 7) to base 12
0
0 (base 7) to base 6
0
Convert 2c (base 15) to base 3.
1120
Convert 13 (base 11) to base 16.
e
Convert 20122 (base 3) to base 7.
344
Convert -41 (base 11) to base 3.
-1200
Convert 2 (base 4) to base 12.
2
Convert 2c (base 15) to base 14.
30
31 (base 14) to base 13
34
Convert 11 (base 2) to base 14.
3
-1 (base 2) to base 16
-1
Convert 13 (base 11) to base 15.
e
Convert -24 (base 11) to base 3.
-222
-11 (base 2) to base 9
-3
What is 5 (base 6) in base 10?
5
What is -2 (base 13) in base 6?
-2
What is -2 (base 12) in base 8?
-2
What is 8 (base 11) in base 16?
8
13 (base 6) to base 16
9
-2 (base 9) to base 6
-2
-14a (base 11) to base 6
-451
What is 10 (base 15) in base 13?
12
Convert 88 (base 11) to base 2.
1100000
-5b (base 15) to base 14
-62
What is -2 (base 16) in base 4?
-2
What is 3 (base 10) in base 16?
3
-433 (base 5) to base 12
-9a
Convert 1 (base 4) to base 5.
1
What is -21 (base 13) in base 12?
-23
What is 13 (base 4) in base 2?
111
Convert 1010001 (base 2) to base 14.
5b
What is -2 (base 13) in base 8?
-2
What is -4 (base 13) in base 12?
-4
What is 1 (base 13) in base 15?
1
Convert 20 (base 3) to base 6.
10
Convert -2 (base 15) to base 13.
-2
54 (base 7) to base 11
36
Convert -11 (base 13) to base 16.
-e
What is 8 (base 13) in base 9?
8
What is 1c (base 16) in base 9?
31
Convert -1101 (base 3) to base 10.
-37
1 (base 12) to base 2
1
What is 3201 (base 4) in base 11?
195
What is -1 (base 8) in base 14?
-1
Convert 2 (base 3) to base 10.
2
Convert -4 (base 14) to base 6.
-4
Convert 15 (base 9) to base 12.
12
What is 332 (base 8) in base 10?
218
-1 (base 16) to base 5
-1
Convert 101000 (base 2) to base 6.
104
Convert 25 (base 6) to base 5.
32
What is 1221 (base 4) in base 13?
81
3 (base 12) to base 10
3
-6 (base 14) to base 15
-6
What is 1 (base 10) in base 9?
1
What is 2 (base 8) in base 2?
10
12 (base 10) to base 6
20
Convert 10011 (base 2) to base 14.
15
What is 2 (base 10) in base 16?
2
Convert 223 (base 4) to base 11.
3a
Convert 11 (base 13) to base 11.
13
What is -1 (base 11) in base 16?
-1
110010 (base 2) to base 14
38
What is 11 (base 2) in base 3?
10
What is 3 (base 4) in base 10?
3
What is 22000 (base 3) in base 12?
160
Convert -18 (base 12) to base 13.
-17
Convert 522 (base 6) to base 9.
235
What is -11 (base 2) in base 4?
-3
Convert 13 (base 6) to base 8.
11
Convert -58 (base 12) to base 14.
-4c
24 (base 8) to base 4
110
-41 (base 15) to base 8
-75
-211 (base 4) to base 9
-41
What is 6 (base 10) in base 6?
10
What is 111 (base 7) in base 14?
41
What is -b (base 13) in base 14?
-b
Convert -210 (base 3) to base 15.
-16
-84 (base 14) to base 13
-8c
31 (base 5) to base 11
15
What is 24 (base 7) in base 3?
200
What is -1b (base 13) in base 9?
-26
Convert 3 (base 4) to base 10.
3
What is -345 (base 8) in base 3?
-22111
What is -1 (base 16) in base 4?
-1
-1202 (base 4) to base 14
-70
Convert 203 (base 4) to base 10.
35
-4 (base 12) to base 11
-4
What is -1 (base 12) in base 9?
-1
What is 95 (base 13) in base 5?
442
51 (base 15) to base 6
204
What is 15 (base 13) in base 8?
22
What is 0 (base 3) in base 2?
0
Convert -5 (base 15) to base 13.
-5
-12 (base 7) to base 15
-9
Convert 2200 (base 3) to base 4.
1020
What is 10010 (base 2) in base 6?
30
Convert 2 (base 5) to base 2.
10
Convert -3 (base 5) to base 10.
-3
Convert -18 (base 9) to base 2.
-10001
What is 30 (base 9) in base 16?
1b
-51 (base 6) to base 11
-29
What is -4 (base 8) in base 6?
-4
What is 2 (base 9) in base 14?
2
Convert 5 (base 9) to base 15.
5
What is 20 (base 15) in base 13?
24
What is -10000 (base 4) in base 8?
-400
-25 (base 6) to base 11
-16
What is -2 (base 13) in base 2?
-10
What is 23 (base 4) in base 5?
21
What is 21 (base 3) in base 8?
7
Convert 12 (base 11) to base 10.
13
-47 (base 13) to base 4
-323
Convert -1 (base 16) to base 10.
-1
-1 (base 11) to base 2
-1
1 (base 13) to base 9
1
-85 (base 10) to base 16
-55
Convert -11220 (base 3) to base 15.
-8c
Convert 1200 (base 4) to base 9.
116
Convert 26 (base 8) to base 2.
10110
11 (base 14) to base 8
17
-2 (base 13) to base 2
-10
-22 (base 5) to base 7
-15
100110 (base 2) to base 9
42
Convert 1 (base 14) to base 11.
1
What is -3d (base 16) in base 15?
-41
-307 (base 10) to base 8
-463
3 (base 7) to base 10
3
What is -31 (base 9) in base 10?
-28
Convert 1002 (base 3) to base 10.
29
Convert 1 (base 7) to base 12.
1
What is -4 (base 16) in base 2?
-100
What is 37 (base 16) in base 3?
2001
110001 (base 2) to base 15
34
Convert -4 (base 7) to base 16.
-4
-45 (base 13) to base 12
-49
Convert 38 (base 9) to base 8.
43
What is -279 (base 10) in base 15?
-139
What is -65 (base 13) in base 8?
-123
Convert 2 (base 6) to base 7.
2
Convert -10 (base 7) to base 13.
-7
Convert 2111 (base 5) to base 8.
431
22 (base 13) to base 6
44
Convert -7 (base 9) to base 4.
-13
Convert -21102 (base 3) to base 4.
-3020
What is -